 be s(2). Let k(p) = -p**3 + p**2 + 4*p + 5. Let b(t) = -t**3 + 3*t + 5. Let c(q) = 5*b(q) - 4*k(q). Is 11 a factor of c(g)?
False
Let i = -27 - -32. Is 2 a factor of (-1 + i)/(3/3)?
True
Let s(o) = o**2 + 15*o - 1. Let t(m) = -m**3 - 6*m**2 - m. Let r be t(-6). Is s(r) a multiple of 12?
False
Suppose 7*r - m - 101 = 5*r, 3*r = -3*m + 156. Does 3 divide r?
True
Let t(y) = 4*y**2 - 5*y + 2. Let j be t(3). Suppose -24*f + 39 = -j*f. Is 39 a factor of f?
True
Suppose 5*w - 66 = 4. Let a be 3/(-7) - (-888)/w. Is 20 a factor of 1 - (1 - (a - 2))?
False
Is (282/12 + 0)*6 a multiple of 12?
False
Suppose 282 - 162 = i. Does 15 divide i?
True
Suppose 0 = -417*a + 415*a + 1180. Is a a multiple of 10?
True
Let d(a) = -4*a - 14. Let i be d(-8). Let p(y) = y**3 - 17*y**2 - 13*y - 22. Is 16 a factor of p(i)?
False
Let j = 5 + -5. Let b = j + 3. Suppose -2*k + 54 = p, -p + 22 + 30 = b*k. Is 19 a factor of p?
False
Suppose -45*d + 47*d - 298 = 0. Is 4 a factor of d?
False
Suppose 4*f = 10*f - 690. Let b be 126*3/(9/4). Let g = b - f. Does 20 divide g?
False
Let p be ((-28)/(-21))/((-4)/138). Let q = 5 - p. Is q a multiple of 19?
False
Let i = -60 - -409. Suppose 3*n + 4*l - 23 = 0, -3*n + 8 = l - 0. Suppose -6*w = -i + n. Does 14 divide w?
False
Let q be 1 - (-2 - -5) - -4. Let l(u) = 2*u**3 - 3*u**2 - u**2 + u**2 + 6*u**2 - u. Is 22 a factor of l(q)?
False
Suppose h = 2*f - 3356, 3*h - 5*h + 5048 = 3*f. Does 35 divide f?
True
Let z = 969 + 119. Is z a multiple of 64?
True
Let x(m) = 3 + 27*m**2 + 10*m - 5 - 20*m**2. Let u = -37 - -32. Is 39 a factor of x(u)?
False
Let f(h) = -2*h**2 + 43*h - 6. Let x = 112 - 101. Does 45 divide f(x)?
True
Let b = 9 - -7. Suppose 0 = 4*c - 6*c + b. Does 2 divide c?
True
Let i(z) = 19*z - 3. Let t be i(2). Let a = t - 29. Does 3 divide a?
True
Suppose k = 4*p - 1947, 16*k - 15*k - 1957 = -4*p. Is p a multiple of 61?
True
Is 14 a factor of (32/10)/((-16)/(-1960))?
True
Let m(k) be the second derivative of -k**7/2520 + 7*k**6/360 + 3*k**5/20 - 7*k**4/12 - 4*k. Let v(y) be the third derivative of m(y). Is 15 a factor of v(13)?
False
Let l(f) = -f**3 + 9*f**2 + 8*f + 5. Let g be l(10). Is (-12)/g + 116/5 a multiple of 8?
True
Suppose 4*w = -10*f + 7*f + 1451, -3*w = f - 1082. Is w a multiple of 53?
False
Is 28 a factor of (-28)/(-12)*-48*(-1 + 0)?
True
Let j = 242 - -154. Suppose 0 = 104*f - 107*f + j. Is 5 a factor of f?
False
Suppose 7*v - 21 = 4*v. Let i(y) = -v*y + 2*y + 2*y - 7 - 8*y. Is i(-4) a multiple of 11?
False
Let h be 2/12 + -1 + 148/(-24). Let t(r) = -r**3 - 5*r**2 + 6*r + 1. Does 19 divide t(h)?
True
Suppose 4*o - 11 = 29. Suppose 5*x - o*x = -30. Is 4 a factor of (2/(-4))/(x/(-84))?
False
Suppose 25*g - 25544 = -6*g. Is 8 a factor of g?
True
Is 36 a factor of (-13)/(-39) - (1954/(-6) + 2)?
True
Let c(k) = -13*k - 9*k - 7 - k**2 - k. Let u(o) = 11*o + 3. Let d(i) = -2*c(i) - 5*u(i). Is d(5) a multiple of 2?
True
Let k(y) be the second derivative of y**3/2 - 21*y**2/2 + 10*y. Let r be k(9). Suppose -3*i - 3*v = -135, -v = -r*v. Is 20 a factor of i?
False
Suppose 7 = 7*b - 7. Is b*(4 - 6 - -6*1) even?
True
Let y(m) = -5*m**2 - 6*m + 4*m**2 + 4 + 2*m**2 - m. Let w be y(6). Is 12 a factor of -30*((-32)/(-20))/w?
True
Let a = 3 + 4. Suppose -4*z + 14 = 5*u, -2*z - 1 = 2*u - a. Suppose -3*s + f = -u*f - 174, 4*f - 78 = -s. Does 31 divide s?
True
Suppose 0*q = 3*q - 258. Suppose -q = -13*b + 1266. Does 10 divide b?
False
Let j be (-23)/(-5) - (-15)/(-25). Suppose -3*o + 16 = -j*h, h + 3*o - 4*o = -4. Is 26 a factor of (6/(-3))/(h/208)?
True
Let s be 2/(-8) - 46/8. Let b be (-6)/(-4)*(-200)/s. Let a = -19 + b. Is a a multiple of 14?
False
Suppose -3*r = -5*r + 98. Let d = r - 3. Is 17 a factor of d?
False
Let o = 197 - -20. Let f = o + -22. Does 14 divide f?
False
Let c(r) = 484*r - 276. Is c(4) a multiple of 10?
True
Let n = -3628 + 6232. Does 36 divide n?
False
Let g(y) = 2*y**3 - 95*y**2 - 46*y + 64. Is 9 a factor of g(48)?
False
Let t = 3 + -63. Let l = -16 - t. Suppose -l = 3*i - 5*i - 4*d, 4*i + d = 74. Is 9 a factor of i?
True
Suppose -4*l - 2333 = -9*l + 4*y, 3*l = -y + 1393. Is l a multiple of 10?
False
Suppose 2*u = -m + 4417, -4*m + 6*u + 17661 = 7*u. Does 127 divide m?
False
Suppose 11*h = 577 + 391. Is h even?
True
Let s = 265 + 95. Suppose -2*m - s = -6*m. Is m a multiple of 45?
True
Let w be (-26)/13 - 1*-219. Suppose w = 7*o - 973. Is o a multiple of 45?
False
Suppose f - 4*f - 28 = -h, 5*h - f - 126 = 0. Let q be (-949)/(-5) - (-5)/h. Suppose 0 = 3*o + 2*k - q, 146 + 50 = 3*o - 4*k. Does 26 divide o?
False
Let f be (-1 - 3)/(2/(-6)). Suppose 5*a + 2*y = 23 + 51, -a + y + f = 0. Is 14 a factor of a?
True
Suppose -3*u - 312 = -5*u. Suppose 0 = -4*p + 5*i + 164, 4*p - u = 2*i + i. Is p a multiple of 12?
True
Suppose 0 = 32*v - 13910 - 30730. Is 14 a factor of v?
False
Let m(i) = -10*i + 6. Let b be m(-6). Suppose 4*d = 3*n + 44, 3*n + n + b = -2*d. Let x = n + 24. Is 3 a factor of x?
False
Let q(i) = 30*i**2 - i + 3. Suppose -6*f + 4*v = -2*f + 28, -2*f - 4*v + 16 = 0. Does 24 divide q(f)?
False
Suppose -8*k = -15*k + 5159. Is 11 a factor of k?
True
Let k be (-2)/(-3) - 56/12. Let b be ((-75)/6)/(2/k). Let p = b - 10. Is p a multiple of 11?
False
Is 5/4 + (-33271)/(-196) a multiple of 19?
True
Let k(b) = -b**3 - 3*b**2 - b - 66. Is k(-8) a multiple of 6?
False
Let i be (-6)/18 + (-164)/12. Is ((-24)/i)/(-2)*-182 a multiple of 13?
True
Let l = 48 - 59. Let c(x) = x**2 + 7*x - 8. Does 18 divide c(l)?
True
Let q be (-116)/(-12) + (-8)/(-6). Let h = q + -5. Is h a multiple of 2?
True
Let f(i) = -3*i - 17. Let m be f(-7). Suppose 3*u = -2*y + 169, y - 159 = -3*u + m*y. Does 15 divide u?
False
Is 37 - 1 - (-15)/(-15) a multiple of 5?
True
Let f be 2 + 13 - (1 + 2). Suppose -16 = -w - f. Is w a multiple of 4?
True
Suppose -13*c - 1575 = -4*c. Let i = c + 255. Is i a multiple of 16?
True
Let g = 453 - 271. Is g a multiple of 26?
True
Suppose 0 = -2*m + 19*i - 24*i + 855, -3*m = 5*i - 1285. Is 9 a factor of m?
False
Suppose -235 = -112*l + 107*l. Is 3 a factor of l?
False
Suppose i - 6 = -2*n - i, 5*n - 15 = 2*i. Suppose 0*l + z = -2*l + 10, -n*l = -2*z - 1. Suppose -l*s = 7 - 55. Is 4 a factor of s?
True
Let i be (-4)/18 - (-2140)/(-90). Let d = 3 - i. Let k = -16 + d. Is 10 a factor of k?
False
Suppose -4*x - 5*w + 7 - 22 = 0, -2*w = 6. Suppose x = 3*h - 160 - 65. Is 24 a factor of h?
False
Suppose x + 39 = v, 13 = 3*v - 2*x - 105. Is v a multiple of 2?
True
Let z(v) = 5*v**2 + 91*v + 10. Does 6 divide z(-22)?
False
Let m be (-110)/30 + (-1)/3. Let w(j) = 3*j**2 + j + 4. Is w(m) a multiple of 24?
True
Let b(c) = -c - 6. Suppose -39 = 3*f - 4*m, -40 = 5*f - 4*m + 17. Let j be b(f). Suppose l - 264 = -5*y + 5*l, j*l = -3*y + 180. Is y a multiple of 14?
True
Let c be 2172/15 - (2 - -1)/(-15). Let q = 235 - c. Is q a multiple of 9?
True
Suppose 0 = -2*z - 10, 4*z = -2*g + g + 656. Does 52 divide g?
True
Does 6 divide 192 - 1 - (-2 + 7)?
True
Let h be (0 - 0)/(-4 + 5). Let x be (h - 3)*7/(-3). Suppose -117 = -5*j - x. Does 6 divide j?
False
Let i(o) = 4*o + 40. Let j = 131 - 122. Does 13 divide i(j)?
False
Let n be (3 - (2 + -1)) + 2. Suppose -2*l + 8 = 0, 4*r + n*l - l - 32 = 0. Suppose 9*a = -4*m + 4*a + 64, 2*m - 42 = -r*a. Does 3 divide m?
False
Is 30 a factor of (-72)/16 + (-2)/(-4) + 1414?
True
Let i be (-1)/(32/11 + -3). Let h = i + -17. Let x(m) = 3*m**2 + 8*m. Is 12 a factor of x(h)?
True
Let t = -9 - -7. Is 16 a factor of -2*(-3)/t - -28?
False
Suppose 4*y = 613 + 11. Is 13 a factor of y?
True
Let g(s) = -2*s**3 - 3*s**2 - 8*s + 9. Let q be g(5). Is (-9)/(-27) + q/(-3) a multiple of 45?
False
Let t(h) = -15*h**2 - 5*h - 12. Let p be t(5). Is 29 a factor of (-3)/(p/406 - -1)?
True
Let j = -2251 + 3151. Is j a multiple of 36?
True
Suppose 0 = -2*z + 5*n + 44, -3*n - 25 = -z + n. Suppose -z = -u - a, -3*u - 3*a = 2*a - 43. Does 7 divide u?
True
Is 12 a factor of 2*123/(6/2)?
False
Suppose 0 = -c + 5*l + 55, -1 = 5*l - 6. Does 60 divide c?
True
Let a = 38 - 33. Suppose a*c = -0*c + 25. Does 2 divide c?
False
Let m be (-4)/6 - 3068/(-12). Let f be -1 + 5/(5/4). Suppose m = f*b - 0*b. Is 22 a factor of b?
False
Suppose -6 = 7*r - 9*r. Suppose -2*j + r = -9. Suppose 3*m - j*m = -171. Is m a multiple of 19?
True
Su